 derivative of 5/2*y**2 - y - 1/12*y**4 + 0 - 2/3*y**3. What is o(j)?
5
Let n(l) = -l**2 + l + 5. Let i = 16 - 8. Let y = i + -4. Let w = y + -4. Determine n(w).
5
Let q(o) = -6 - 2*o**2 + 7 + 2*o**2 + 7*o**2. What is q(1)?
8
Let w(n) = -3 - 3 + 2 - 6*n + 5*n. What is w(-5)?
1
Let n be 3/2 + (-6)/(-4) - 2. Let g(b) = -3*b**3 + b. What is g(n)?
-2
Let s(z) = 2*z**2 + z**3 - 2*z**3 + z + 7*z**3 - 2*z**3. Give s(-1).
-3
Let i(w) be the second derivative of w**2 + 1/24*w**4 - 1/60*w**5 + 3/2*w**3 - 3*w + 0. Let o(m) be the first derivative of i(m). Calculate o(0).
9
Let r be 4*-2*(-3)/4. Suppose 2*g - r = -4. Let u(l) = 3*l - 2*l + g + 2*l. Calculate u(1).
4
Let h(p) = -p**3 - 4*p**2 - 2*p - 1. Let q be 5*-1*4/10. Give h(q).
-5
Let i(m) = -35 - m - 35 + 70. Give i(3).
-3
Let l(v) = v**3 + v - 10. Suppose 10*y = 12*y. Determine l(y).
-10
Let y = -11 + 6. Let n = y - -9. Let u(w) = w**2 - 3*w + 2. Give u(n).
6
Let a(r) = -r - 4. Let j = -8 - -14. Suppose -q - j = 3*o, -3*o - 3*q = q - 3. Determine a(o).
-1
Let n(a) be the second derivative of -a**4/12 - 4*a**3/3 - 3*a**2 + 3*a. Determine n(-6).
6
Let u(m) be the third derivative of -m**4/24 - m**2. Let p = -1 - 0. Let x(c) = 7*c. Let n(y) = p*x(y) - 6*u(y). Give n(-3).
3
Let o(a) = a**2 - 12*a - 15. Let x be o(13). Let i(l) = -l**3 - 4*l**2 - 2*l. Give i(x).
-4
Let x(s) = -3*s**2 - 15*s + 1. Let m(p) = p**2 + 5*p. Let y(w) = -7*m(w) - 2*x(w). What is y(-2)?
4
Let i(l) = l**3 + 3*l**2 + 2*l. Suppose -2*p - 25 - 5 = 0. Let q = -17 - p. Determine i(q).
0
Let w(b) = 4*b + 1. Let d be -2*1/(-2) + -6. Let t(g) = -3*g - 1. Let o(i) = d*t(i) - 4*w(i). Let k = 2 - -3. Calculate o(k).
-4
Let t(q) = -3*q**2 + 1. Let p be t(1). Let o(a) be the second derivative of -a**5/20 - a**4/4 - a**3/6 - 14*a. Calculate o(p).
-2
Let j(d) = -5*d**3 - d**2 + 9*d - 1. Let w(a) = a**3 + a**2 - a. Let h(u) = j(u) + 6*w(u). What is h(-4)?
3
Let o(r) = -2*r**2 - 3*r + 4. Suppose -5*j + p + 110 = -p, -5*j - 5*p = -75. Suppose -l - 4*a - j + 5 = 0, 0 = -2*l - a - 9. What is o(l)?
-5
Let c(f) be the first derivative of f**4/4 + 2*f**3 - 4*f**2 - 2*f + 3. What is c(-7)?
5
Suppose -23 = -5*q - 8. Suppose 0*y + y = q. Let p(f) = -y + 3*f - f - 4. Give p(5).
3
Suppose 9 = 3*b - 0. Suppose -b*p = 2*p. Let r(l) = l. Let x(h) = 2*h - 5. Let n(v) = -3*r(v) + x(v). Calculate n(p).
-5
Let q(n) = -3*n - 2*n**2 + 3*n**2 - 1 - 1. Let d = 19 + -14. Suppose 5*u + 3 = -3*f - 10, -5*f - 5*u - d = 0. Calculate q(f).
2
Let j be 1*(-3)/(-3)*13. Suppose 3*s + j = i, -5*s - 16 = -i - s. Let n(a) = a**3 - 3*a**2 - 4*a - 2. What is n(i)?
-2
Let o = 3 - 6. Let s be 56/(-6) - o/9. Let j be 4/3 - (-3)/s. Let f(z) = -10*z + 1. What is f(j)?
-9
Let v = -27 - -25. Let z(b) = 3*b + 2. Calculate z(v).
-4
Let u(x) = -13 + 36 - 11 + x - 15. What is u(0)?
-3
Let q(k) = -k**3 + 4*k**2 + 7*k + 1. Let o(n) = -n + 17. Let w be o(12). What is q(w)?
11
Let d(c) = -6*c + 10 - c**2 + 3*c - 9. Suppose -u = -4 - 1. Let f = u - 10. Determine d(f).
-9
Let i(m) = -3*m - 2 + 3*m - m + 2*m. Give i(-7).
-9
Let w(i) = i**3 + 6*i**2 - 5*i + 1. Let n(z) = z**3 - z**2 + z. Let r(x) = 6*n(x) + w(x). Let d(q) = -q - 8. Let o be d(-7). What is r(o)?
-7
Let f = 3 + -3. Suppose -4*w - 2*i = 0, -2*w + 2*i = -f*w. Suppose m = -m - 5*k, w = 2*m - 3*k + 16. Let d(t) = t + 2. What is d(m)?
-3
Let s be (0 - (-18)/(-15))*-5. Let a(v) = v**2 + 15*v - 1 - s*v - 10*v - 9. Calculate a(0).
-10
Let t be ((-108)/504)/(4/14)*-8. Let k(o) be the second derivative of o**4/12 - 2*o**3/3 - 5*o**2/2 - o. Give k(t).
7
Let b(q) be the first derivative of -1/3*q**3 + 3*q - 1 + 5/2*q**2. Determine b(6).
-3
Let z(a) = -a**3 - 2*a + 5 + a + 4*a - 5*a**2 - 5*a. Calculate z(-5).
15
Let l(x) = 5 + 2 + 6*x - 2*x**2 - 3 - 5. Determine l(5).
-21
Let b be 9/45 - (-21)/(-5). Let y(x) = -2*x**2 - 8*x - 5. Let q(j) = j**2 + 4*j + 3. Let o(a) = -5*q(a) - 3*y(a). What is o(b)?
0
Let t(s) = -3*s. Suppose -l - 4*x + 3 - 13 = 0, 5*l + 2*x + 14 = 0. What is t(l)?
6
Suppose 2*l - 2*n - 6 = -0*n, -5*n = -3*l + 13. Let s(a) = -9*a**3 + 2*a**2 - a. Determine s(l).
-8
Let x(a) be the second derivative of 1/6*a**3 + 1/2*a**2 + 2*a + 0. Suppose 3*h + 5*n + 17 = 0, 2*n + 12 = -4*h + 6*n. Calculate x(h).
-3
Let y(f) = -f**2 - 4*f**3 + 10*f**3 + 0*f + 3*f**2 + f. What is y(-1)?
-5
Let v(c) = 7*c + 8. Let k(j) = -7*j**3 - 2*j**2 + 1. Let l be k(-1). Let y(n) = -15*n - 17. Let o(b) = l*y(b) + 13*v(b). What is o(3)?
5
Suppose 22 + 20 = 3*p. Suppose 0 = 2*j + 2 - p. Let s(a) = -a**3 + 7*a**2 - 5*a - 4. Calculate s(j).
2
Let b(v) = 3*v - 1. Let n be b(1). Let t = -3 - n. Let y(l) = l**2 + 3*l - 1. Determine y(t).
9
Let r(m) = 5*m + m - 2*m + 3 + 2*m**2. Suppose -5*i + s = 10, -3*i + 1 + 0 = -2*s. Give r(i).
9
Suppose -2*z - k + 0*k = 1, -2*z - 3*k - 11 = 0. Let y(x) = 3 + 0*x - x**z + 3*x + x. Calculate y(-2).
-9
Suppose w + 3 = l, -4*l + 5*w + 11 = 2*w. Let y(v) be the third derivative of -5*v**4/24 + v**3/3 - v**2. What is y(l)?
-8
Suppose 4*z + 8 = -2*q, q + 4 = -5*z + 2*z. Let s(r) = -16*r - 18. Let n(c) = 5*c + 6. Let u(x) = 7*n(x) + 2*s(x). Give u(q).
-6
Let d(i) = 2*i**3 - 4*i**2 + 2*i + 3. Let l(x) = -x**3 + 3*x**2 - x - 4. Let h(b) = -2*d(b) - 3*l(b). Let g = -10 + 14. Suppose g*o = -o. Give h(o).
6
Suppose 2*v - 6*v = -12. Let d(w) = -w**2 + 4*w + 1. What is d(v)?
4
Let p(a) = -2*a**2 - 4*a. Let l = -25 - -36. Let x = l - 14. Give p(x).
-6
Let v(m) = 2*m**2 - 2. Suppose 0*w + 5 = w. Suppose -5*n + w*g = -0*g + 10, -2*n = -g + 4. Determine v(n).
6
Let b(n) = n**3 - 4*n**2 + 3*n - 4. Let f be (-3)/(-1 - (0 - 0)). Give b(f).
-4
Let n = 6 - 3. Let r(s) = n - 4*s + 4*s**2 + 2*s**3 + 1 + 3 - s**3. Suppose j = -0 - 5. Calculate r(j).
2
Let r(c) = c**3 - 4*c**2 - 6*c - 2. Let a(q) be the first derivative of -1/4*q**4 + 4 - 6*q**2 - 4*q**3 - 6*q. Let g be a(-11). Calculate r(g).
-7
Let f(y) = 2*y**2 - 4*y + 3. Let m be f(2). Let w(t) = 7 + 2*t**3 + 2*t**3 - 3*t**m + 5*t**2 - 3. Calculate w(-5).
4
Suppose 0 = -3*f - 17 + 38. Let b(m) = 3*m**2 - 2*m. Let j(c) = -7*c**2 + 3*c**2 + 6*c + 0*c - 3*c. Let q(k) = f*b(k) + 5*j(k). Determine q(2).
6
Suppose -4*b + 12 = -0*b. Suppose -12 = b*n - 3. Let r(m) = m + 3. What is r(n)?
0
Suppose 2*y + 3*u + 1 = -8, -3*y = 3*u + 12. Let f(x) = -x**2 + 2*x + 2. What is f(y)?
-13
Let g(s) be the third derivative of s**4/24 + s**3/2 + 4*s**2. Suppose b + r = -3*r - 11, 3*b + 2*r = -13. Calculate g(b).
0
Suppose 3*m + 4*n = -m - 4, -20 = 5*n. Suppose -5*z - m = 7. Let x(t) = 2*t - 1. What is x(z)?
-5
Let a(b) = -6*b - 6. Let d = -23 + 21. Let y be a(d). Let g(m) = -m**2 + 5*m + 6. Give g(y).
0
Let v(c) = 9 + c**2 - 16 - 2*c + 7. Determine v(3).
3
Let h(i) = -1 - 5 + i**2 + 9 - 2*i. What is h(2)?
3
Let r(w) = 6*w**2 - 2*w - 1. Suppose o - 30 = -2*o + 4*y, 4*y + 42 = 5*o. Suppose 2*a = 4*d + 14, -2*a - 3*d - 8 = o. Calculate r(a).
7
Let q(b) be the first derivative of -5*b**2/2 + 4*b + 16. Suppose -a - 12 = -5*a. What is q(a)?
-11
Let v(b) = 5*b + 1. Suppose 5*l - 6 + 21 = 0. Give v(l).
-14
Suppose -4*w = -2*w. Let z(p) be the first derivative of -p**3/6 + 9*p**2/2 + 2*p + 2. Let y(k) be the first derivative of z(k). Give y(w).
9
Let l = -3 - -6. Let t(m) = m**2 - 3*m - 3. Let v be t(5). Suppose -l = -4*c + v*c. Let n(p) = 8*p**3 + p**2 - p - 1. Determine n(c).
-7
Let o(h) = 5*h**3 + 2*h - 2. Let g(r) = -6*r**3 - r**2 - 2*r + 2. Let m(c) = 4*g(c) + 5*o(c). Give m(4).
6
Let j(d) be the third derivative of d**4/6 + d**3/2 - 4*d**2. Let k(r) = r - 10. Let f be k(8). Calculate j(f).
-5
Let w = 82 + -87. Let u(h) = -h - 1. Let r(m) = m + 3. Let f(o) = r(o) + 2*u(o). Determine f(w).
6
Let t be 3/((-9)/(-12)*2). Let p(c) = c**3 + c**2 - 2*c - 2*c + 3 + 3*c**t. Give p(-5).
-2
Suppose j + 13 = -r, -r - 3*r = -2*j - 38. Let y be 10/j*6/4. Let n(h) = -h**2. Calculate n(y).
-1
Let b(z) be the second derivative of z**8/6720 - z**6/360 + z**5/120 - 5*z**4/12 - 4*z. Let r(l) be the third derivative of b(l). Give r(2).
5
Let m(d) = -2*d**2 + 5 + 37*d - 31*d - d**3 - 2*d**2. Give m(-5).
0
Let j(m) = 7*m - 1. Let w(z) = -z**2 - 15*z - 13. Let f be w(-14). Give j(f).
6
Let q(z) = 3*z - 2 + z - 3*z + 10. Determine q(-10).
-2
Let i be ((-35)/15)/((-2)/(-6)). Let x(u) = -u**2 - 4*u + 7. Give x(i).
-14
Suppose -16*h - 4 = -17*h. Let y(m)